at are the prime factors of l?
3
Let a(g) = -g**2 + g + 1. Let i(y) = y**2 + 5*y + 11. Let w(p) = -2*a(p) - i(p). What are the prime factors of w(9)?
5
Suppose -3*u = -6 - 9. Let a = 15 - u. What are the prime factors of a?
2, 5
Suppose 3*q - 4*q = -5*o + 4, 0 = -3*o - 5*q - 20. Let r(i) = i**2 + i + 16. What are the prime factors of r(o)?
2
Suppose 3*f = 5*z - 114, -2*z + 2*f = 3*f - 39. What are the prime factors of z?
3, 7
Let c be -1*1*9*-2. Suppose 6*v - 16 = 2*v. What are the prime factors of (4/3)/(v/c)?
2, 3
Let l be (-11)/(-3) + 3/9. Let p = -6 + l. Let t = 5 + p. What are the prime factors of t?
3
Suppose -26 = -3*u - 4*n + 13, -u = -n - 13. Suppose 4*p = u - 5. Suppose -2*i = p*i - 40. What are the prime factors of i?
2, 5
Let m = 65 - 39. What are the prime factors of m?
2, 13
Let g = 23 - 20. What are the prime factors of g?
3
Suppose 2*q - 78 = -0. What are the prime factors of q?
3, 13
Suppose 4*h + 1386 = 15*h. List the prime factors of h.
2, 3, 7
Let v = 242 + -146. List the prime factors of v.
2, 3
Suppose -4*h + 0 + 44 = 0. Suppose 0 = -4*f + 16, 3*a + h - 52 = -2*f. Let t = -7 + a. What are the prime factors of t?
2
Let q = -10 + 6. Let r = 6 + q. Let u = r - -7. What are the prime factors of u?
3
Let t(p) = 3*p - 1. Let n(q) = 16*q - 6. Let s(f) = -2*n(f) + 11*t(f). Let o be s(1). List the prime factors of o + 6/(1 - -1).
5
Suppose -l + 1 + 2 = 0. Suppose -59 = -l*s - 0*s + 2*q, -4*q = 4*s - 112. What are the prime factors of s?
23
Suppose -2*c = c. What are the prime factors of (c + -1 - -2) + 19?
2, 5
Suppose -7 = v - 5*d + 10, 28 = v + 4*d. What are the prime factors of v?
2
Let w(q) = q**2 + 3*q - 6. Let f be w(-5). Suppose -3*t + 57 = f*g, -3*t = 5*g - t - 80. What are the prime factors of g?
2, 3
Let c be 30 + -1 + (-1 - 0). Suppose j = -14 + 29. Let h = c - j. What are the prime factors of h?
13
Let k = 31 - 75. Let g be 4/22 - 256/k. Suppose 3*u = 5*u - g. List the prime factors of u.
3
Let f = 28 + -14. Let t = -3 + f. What are the prime factors of t?
11
Let i(x) = -x + 11. Let k be i(11). Suppose 2*c + k*c = 44. What are the prime factors of c?
2, 11
Let g(l) = -l - 11. Let t be g(-10). Let c(i) = -21*i - 1. What are the prime factors of c(t)?
2, 5
Suppose 2*r - 4*l - 9 + 3 = 0, -2*r - 4*l = -6. Let m(w) = -4 + 2*w - r + 1. What are the prime factors of m(4)?
2
Suppose 2*x - 3 = -11. Let z = 2 - x. List the prime factors of (-27)/2*z/(-9).
3
What are the prime factors of 7/(-1)*4/(-14)?
2
Let r(s) be the third derivative of s**5/60 - s**4/6 + s**3 - s**2. Let h be r(4). Suppose 2*p - 20 = -2*w, 0 = p - 2*w + h*w - 4. List the prime factors of p.
2, 3
Suppose -4*c = 26 - 2. Let b = c + 9. List the prime factors of b.
3
Suppose 5*y - 4*h - 834 = -7*h, -3*y = -4*h - 512. What are the prime factors of y?
2, 3, 7
Suppose 11*o = 857 + 287. List the prime factors of o.
2, 13
Suppose 0*x + 2*m - 2 = -4*x, 0 = 4*x + 3*m - 3. Suppose f + x*f = 6. What are the prime factors of f?
2, 3
Let q = -2 - -8. Let r be (10/q)/(2/6). Suppose -6*a + a + r*m - 15 = 0, -3*a - m = -11. What are the prime factors of a?
2
List the prime factors of (-9)/6*(-164)/6.
41
Suppose -72 = -5*v + v. Suppose v = 2*s - 10. What are the prime factors of s?
2, 7
Let c be (1 - 2) + (-2740)/5. Let f be c/(-12) + 1/4. Let r = -33 + f. What are the prime factors of r?
13
Suppose -91 + 13 = -3*n. Suppose 0 = -c - 0*p - 4*p - 9, -c + 4*p = -15. Suppose c*k + 8 - n = 0. List the prime factors of k.
2, 3
Let l = 2 - 0. Let q(i) = 0 + i - 4 + l. List the prime factors of q(6).
2
Let r(o) = 9*o**3 - 2*o**2 + 2*o - 1. Let l be r(1). Suppose 3 - 9 = j. Let s = j + l. What are the prime factors of s?
2
Let m = -24 - -40. What are the prime factors of m?
2
Suppose -f = -0*u - 3*u + 147, -2*u - 5*f + 98 = 0. List the prime factors of u.
7
Let h(i) = -3*i - 1 + 3*i + 3*i + 24*i**2. List the prime factors of h(1).
2, 13
Let p(s) = -s - 13. Let c be p(-13). Suppose -2*x - 5*w + 21 = 0, -w - 3 = -2*x - 0*x. Suppose c*a = -x*a + 42. What are the prime factors of a?
2, 7
Let j = 0 + 4. Suppose s - j*x - 32 = x, -x + 16 = 3*s. Suppose -q = 2*z, -s + 19 = 2*q + z. What are the prime factors of q?
2
Let s(f) = 23*f**2 - 2*f + 7. List the prime factors of s(3).
2, 13
Suppose 3*y = 8 + 160. What are the prime factors of y?
2, 7
Let m(l) = 2*l**2 - 6*l + 1. Let x be m(4). Let d = x + 2. List the prime factors of d.
11
List the prime factors of (-7)/(-7) + 185/1.
2, 3, 31
What are the prime factors of (6 + -3)/(6/4)?
2
Let m(c) = -152*c**3 + c**2 - c - 2. What are the prime factors of m(-1)?
2, 19
Suppose 0 = 3*c - 6, -a = 4*a + 3*c - 36. Suppose 0 = 5*t + m + 16, 0 = -2*t - 4*m - 4 - a. List the prime factors of 0 + 3/t*-6.
2, 3
Suppose -40 = -h + 5*b - b, 4*h - 112 = 4*b. Suppose 2*o - 3*f + h = 0, -2*o - 3*o - 22 = 2*f. What are the prime factors of (4/o)/((-2)/9)?
3
Let g be 1/(-5) + (-942)/15. Let x = -39 - g. Let l = x - 13. What are the prime factors of l?
11
Let o(l) be the third derivative of l**6/120 + l**5/20 - l**4/12 - 2*l**3/3 - l**2. Let r be (-18)/4*2/3. List the prime factors of o(r).
2
Let k = -1 - -4. Suppose -k*f + 129 = -4*w, -2*w - w = 5*f - 186. Suppose 5*a = f + 16. List the prime factors of a.
11
Let u(w) = w**3 + w**2 - 5*w + 4. Let t be u(3). Let q = 10 - t. What are the prime factors of (-84)/q - (-2)/5?
2, 3
Let m be 5*(36/(-15) + 2). Let f(y) = -5*y**3 + 3*y**2 + y + 9. Let g(s) = -4*s**3 + 3*s**2 + s + 8. Let l(u) = 6*f(u) - 7*g(u). List the prime factors of l(m).
2
Let d(l) = -l**2 + 6*l - 5. Let v(g) = -3*g**2 + 19*g - 15. Let s(q) = -7*d(q) + 2*v(q). Let h be s(5). Let b = 18 - h. List the prime factors of b.
2
Suppose -o + 7*o = 96. Suppose o + 3 = c. What are the prime factors of c?
19
Suppose 6*x - 4*x - 673 = -5*i, -2*x + 8 = 0. List the prime factors of i.
7, 19
Let z(t) = t**3 + 6*t**2 + 5*t. Let j be z(-5). Suppose j = 5*d - 5*f + 60, 3*d - 4*f + 60 = -2*d. List the prime factors of (4 - 2)/((-2)/d).
2, 3
Let k(y) = 7*y - 6. Suppose -t - 3*t = -12. List the prime factors of k(t).
3, 5
Suppose 2*s = -4*a + 98, -17 = -s + 3*a + 7. What are the prime factors of s?
3, 13
Suppose o = -2*o - 5*b + 34, -o - b = -10. Let x(w) = o - w - 6 + 12. What are the prime factors of x(10)?
2
Suppose 0 = 27*m - 357 - 426. What are the prime factors of m?
29
Suppose 0 = -5*u - 4*q + 214, 205 = 5*u - 8*q + 3*q. What are the prime factors of u?
2, 3, 7
Let m = 0 + 2. Suppose -2*d + 0 + m = p, -p - 5*d = -2. Suppose z + 2*b - 30 = -p*b, 50 = 3*z + 4*b. What are the prime factors of z?
2, 5
Let y = 110 + -53. List the prime factors of y.
3, 19
Let m(l) be the first derivative of -l**2 + 2 + 6*l**2 - 4*l**2 - 5*l. What are the prime factors of m(7)?
3
Suppose f + 4*d = 11, 2*f + 5*d - 21 + 5 = 0. Suppose -n - f*n + 52 = 0. List the prime factors of n.
13
Let x = 1 - 4. Let k(i) = i + 4. Let y be k(-5). What are the prime factors of -33*(-1)/x*y?
11
Suppose v + 15 = -5*o, 5*o + 0*o = 3*v - 35. List the prime factors of 134/8 + (-1)/o.
17
Suppose -i - i - 15 = -3*c, -15 = 3*i - 3*c. List the prime factors of (i - 9)*(-4)/12.
3
Let p(x) = 5*x - 8. Let i be p(9). Let n = 74 - i. List the prime factors of n.
37
Let z = -108 - -229. What are the prime factors of z?
11
Let t be -6*2/12*10. List the prime factors of (7/1)/((-2)/t).
5, 7
Let b(p) = -p + 7. Let y be b(4). Suppose 0 = -y*c + 8*c - 15. What are the prime factors of c?
3
Suppose 6*l - l + 5*r = 0, -18 = -3*l + 3*r. Let g = 9 + l. List the prime factors of g.
2, 3
Suppose 86 = 3*k - k. Suppose 3*i - 7 = -k. What are the prime factors of (i + -2)*(2 + -3)?
2, 7
Let o(n) = n**2 - 1. Suppose -x + 1 = 0, 5*f - 11 = -0*f - x. Let u be o(f). Suppose -u*y + 12 = -2*y. List the prime factors of y.
2, 3
Suppose -5*d - 3*y + 7 = 0, -y + 2 = 3. Suppose 4*t - 33 = -b + d*b, -7 = -t - b. What are the prime factors of 30/t - 3/(-12)?
2
Suppose 5*w - 2*s - 82 = 0, 4*w + 5*s - 39 - 53 = 0. List the prime factors of 1/3 - (-390)/w.
2, 11
Let g be ((-18)/(-24))/(2/24). Let q(u) = -u**2 + 9*u + 4. Let s be q(g). Suppose -4*o - 10 = -2*f + s, o - 73 = -4*f. List the prime factors of f.
17
Let t be 0/1*(-1)/2. Suppose t = -4*i - c - 26 - 26, -5*i = -c + 74. List the prime factors of 3/(-9) + i/(-6).
2
Let s be (-4)/22 - (-144)